{"id":494,"date":"2023-04-11T13:01:55","date_gmt":"2023-04-11T11:01:55","guid":{"rendered":"https:\/\/damemitiempo.org\/?post_type=asociaciones&#038;p=494"},"modified":"2023-04-11T13:03:22","modified_gmt":"2023-04-11T11:03:22","slug":"asociacion-parkinson-baixo-mino","status":"publish","type":"asociaciones","link":"https:\/\/damemitiempo.org\/en\/asociaciones\/asociacion-parkinson-baixo-mino\/","title":{"rendered":"Asociaci\u00f3n P\u00e1rkinson Baixo Mi\u00f1o"},"content":{"rendered":"","protected":false},"featured_media":495,"template":"","class_list":["post-494","asociaciones","type-asociaciones","status-publish","has-post-thumbnail","hentry"],"_links":{"self":[{"href":"https:\/\/damemitiempo.org\/en\/wp-json\/wp\/v2\/asociaciones\/494","targetHints":{"allow":["GET"]}}],"collection":[{"href":"https:\/\/damemitiempo.org\/en\/wp-json\/wp\/v2\/asociaciones"}],"about":[{"href":"https:\/\/damemitiempo.org\/en\/wp-json\/wp\/v2\/types\/asociaciones"}],"wp:featuredmedia":[{"embeddable":true,"href":"https:\/\/damemitiempo.org\/en\/wp-json\/wp\/v2\/media\/495"}],"wp:attachment":[{"href":"https:\/\/damemitiempo.org\/en\/wp-json\/wp\/v2\/media?parent=494"}],"curies":[{"name":"wp","href":"https:\/\/api.w.org\/{rel}","templated":true}]}}

Asociación Párkinson Baixo Miño
