{"id":390,"date":"2023-04-07T13:19:22","date_gmt":"2023-04-07T11:19:22","guid":{"rendered":"https:\/\/damemitiempo.org\/?post_type=asociaciones&#038;p=390"},"modified":"2023-04-07T13:19:23","modified_gmt":"2023-04-07T11:19:23","slug":"asociacion-parkinson-cadiz","status":"publish","type":"asociaciones","link":"https:\/\/damemitiempo.org\/en\/asociaciones\/asociacion-parkinson-cadiz\/","title":{"rendered":"Asociaci\u00f3n P\u00e1rkinson C\u00e1diz"},"content":{"rendered":"","protected":false},"featured_media":391,"template":"","class_list":["post-390","asociaciones","type-asociaciones","status-publish","has-post-thumbnail","hentry"],"_links":{"self":[{"href":"https:\/\/damemitiempo.org\/en\/wp-json\/wp\/v2\/asociaciones\/390","targetHints":{"allow":["GET"]}}],"collection":[{"href":"https:\/\/damemitiempo.org\/en\/wp-json\/wp\/v2\/asociaciones"}],"about":[{"href":"https:\/\/damemitiempo.org\/en\/wp-json\/wp\/v2\/types\/asociaciones"}],"wp:featuredmedia":[{"embeddable":true,"href":"https:\/\/damemitiempo.org\/en\/wp-json\/wp\/v2\/media\/391"}],"wp:attachment":[{"href":"https:\/\/damemitiempo.org\/en\/wp-json\/wp\/v2\/media?parent=390"}],"curies":[{"name":"wp","href":"https:\/\/api.w.org\/{rel}","templated":true}]}}

Asociación Párkinson Cádiz
