{"id":388,"date":"2023-04-07T13:18:50","date_gmt":"2023-04-07T11:18:50","guid":{"rendered":"https:\/\/damemitiempo.org\/?post_type=asociaciones&#038;p=388"},"modified":"2023-04-07T13:18:51","modified_gmt":"2023-04-07T11:18:51","slug":"asociacion-parkinson-malaga","status":"publish","type":"asociaciones","link":"https:\/\/damemitiempo.org\/en\/asociaciones\/asociacion-parkinson-malaga\/","title":{"rendered":"Asociaci\u00f3n P\u00e1rkinson M\u00e1laga"},"content":{"rendered":"","protected":false},"featured_media":389,"template":"","class_list":["post-388","asociaciones","type-asociaciones","status-publish","has-post-thumbnail","hentry"],"_links":{"self":[{"href":"https:\/\/damemitiempo.org\/en\/wp-json\/wp\/v2\/asociaciones\/388","targetHints":{"allow":["GET"]}}],"collection":[{"href":"https:\/\/damemitiempo.org\/en\/wp-json\/wp\/v2\/asociaciones"}],"about":[{"href":"https:\/\/damemitiempo.org\/en\/wp-json\/wp\/v2\/types\/asociaciones"}],"wp:featuredmedia":[{"embeddable":true,"href":"https:\/\/damemitiempo.org\/en\/wp-json\/wp\/v2\/media\/389"}],"wp:attachment":[{"href":"https:\/\/damemitiempo.org\/en\/wp-json\/wp\/v2\/media?parent=388"}],"curies":[{"name":"wp","href":"https:\/\/api.w.org\/{rel}","templated":true}]}}

Asociación Párkinson Málaga
