{"id":376,"date":"2023-04-07T13:08:55","date_gmt":"2023-04-07T11:08:55","guid":{"rendered":"https:\/\/damemitiempo.org\/?post_type=asociaciones&#038;p=376"},"modified":"2023-04-07T13:08:56","modified_gmt":"2023-04-07T11:08:56","slug":"asociacion-parkinson-alcorcon","status":"publish","type":"asociaciones","link":"https:\/\/damemitiempo.org\/en\/asociaciones\/asociacion-parkinson-alcorcon\/","title":{"rendered":"Asociaci\u00f3n Parkinson Alcorc\u00f3n"},"content":{"rendered":"\n<p><strong>11 de abril<\/strong>. <strong>Excursi\u00f3n conjunta al Parque Polvoranca<\/strong>. Con visita guiada por educador del Centro ambiental del parque. Gratuita para socios y socias.\u00a0<br><em>Hora: <\/em>Comienzo de la visita a las 10:30 (hora de salida del bus desde Alcorc\u00f3n 9:15h y hora de salida desde Legan\u00e9s: 9:30h)\u00a0<br><em>Lugar:<\/em> Parque Polvoranca (Legan\u00e9s)<\/p>\n\n\n\n<p><strong>12 de abril<\/strong>. <strong>Reuni\u00f3n grupo apoyo familiar<\/strong> <strong>en Legan\u00e9s<\/strong>. La psic\u00f3loga Soledad Castell\u00f3n y la trabajadora social Diana Ayuso ahondar\u00e1n en estas sesiones abiertas en la importancia del apoyo social a familiares y cuidadores de afectados por la enfermedad de P\u00e1rkinson.<br><em>Hora<\/em>: 10:30h<br><em>Lugar<\/em>: Hotel de Asociaciones. C\/Mayorazgo, 25 (Legan\u00e9s)\u00a0<\/p>\n\n\n\n<p><strong>Cineforum en Alcorc\u00f3n<\/strong>.\u00a0 Proyecci\u00f3n de la pel\u00edcula \u00abGran bola de fuego\u00bb y posterior coloquio.<br><em>Hora:<\/em> 10h<br><em>Lugar:<\/em> Edificio terapias. Centro de Asociaciones de la Salud. C\/Timanfaya 15-23 (Alcorc\u00f3n)<\/p>\n\n\n\n<p><strong>13 de abril<\/strong>. <strong>Cineforum en Legan\u00e9s<\/strong>. Proyecci\u00f3n de la pel\u00edcula \u00abGran bola de fuego\u00bb y posterior coloquio.<br><em>Hora<\/em>: 10h<br><em>Lugar<\/em>:\u00a0 Sala 3. Hotel de Asociaciones. C\/Mayorazgo, 25 (Legan\u00e9s)<\/p>\n\n\n\n<p><strong>Jornada sobre P\u00e1rkinson \u00abTerapias en P\u00e1rkinson avanzado\u00bb<\/strong>. La doctora Lydia Vela, jefa de Neurolog\u00eda y experta en trastornos del movimiento en el Hospital de Alcorc\u00f3n, y Aitor Bl\u00e1zquez, fisioterapeuta de APARKAM hablar\u00e1n sobre la sintomatolog\u00eda de la enfermedad de P\u00e1rkinson y sobre los tratamientos que mejor se adec\u00faan a las necesidades de los afectados en estados avanzados de la enfermedad. El acceso a la jornada es libre, gratuito y dirigido a todos los p\u00fablicos.<br><em>Hora:<\/em> 17:30h.\u00a0<br><em>Lugar<\/em>: Sal\u00f3n de Actos Hospital Universitario Fundaci\u00f3n de Alcorc\u00f3n (Alcorc\u00f3n)<\/p>\n\n\n\n<p><strong>14 de abril.<\/strong>\u00a0 <strong>Reuni\u00f3n grupo apoyo familiar<\/strong> <strong>en Alcorc\u00f3n<\/strong>. La psic\u00f3loga Soledad Castell\u00f3n y la trabajadora social Diana Ayuso ahondar\u00e1n en estas sesiones abiertas en la importancia del apoyo social a familiares y cuidadores de afectados por la enfermedad de P\u00e1rkinson.<br><em>Hora:<\/em> 10:30h<br><em>Lugar:<\/em> Centro de Asociaciones de la Salud. C\/Timanfaya 15-23 (Alcorc\u00f3n)<\/p>\n\n\n\n<p><strong>Actividad l\u00fadica con nuestros socios de Alcorc\u00f3n y Legan\u00e9s (espect\u00e1culo de magia + tentempi\u00e9)<\/strong>. Como colof\u00f3n a la semana del D\u00eda Mundial del P\u00e1rkinson, los socios y socias de ambas sedes se reunir\u00e1n para presenciar un espect\u00e1culo de magia y posteriormente compartir un almuerzo juntos.<br><em>Hora<\/em>: 12h<br><em>Lugar<\/em>: Centro de Asociaciones de la Salud (Alcorc\u00f3n) y Hotel de Asociaciones (Legan\u00e9s).<\/p>\n","protected":false},"featured_media":377,"template":"","class_list":["post-376","asociaciones","type-asociaciones","status-publish","has-post-thumbnail","hentry"],"_links":{"self":[{"href":"https:\/\/damemitiempo.org\/en\/wp-json\/wp\/v2\/asociaciones\/376","targetHints":{"allow":["GET"]}}],"collection":[{"href":"https:\/\/damemitiempo.org\/en\/wp-json\/wp\/v2\/asociaciones"}],"about":[{"href":"https:\/\/damemitiempo.org\/en\/wp-json\/wp\/v2\/types\/asociaciones"}],"wp:featuredmedia":[{"embeddable":true,"href":"https:\/\/damemitiempo.org\/en\/wp-json\/wp\/v2\/media\/377"}],"wp:attachment":[{"href":"https:\/\/damemitiempo.org\/en\/wp-json\/wp\/v2\/media?parent=376"}],"curies":[{"name":"wp","href":"https:\/\/api.w.org\/{rel}","templated":true}]}}

Asociación Parkinson Alcorcón

<p><strong>11 de abril</strong>. <strong>Excursión conjunta al Parque Polvoranca</strong>. Con visita guiada por educador del Centro ambiental del parque. Gratuita para socios y socias. <br><em>Hora: </em>Comienzo de la visita a las 10:30 (hora de salida del bus desde Alcorcón 9:15h y hora de salida desde Leganés: 9:30h) <br><em>Lugar:</em> Parque Polvoranca (Leganés)</p>



<p><strong>12 de abril</strong>. <strong>Reunión grupo apoyo familiar</strong> <strong>en Leganés</strong>. La psicóloga Soledad Castellón y la trabajadora social Diana Ayuso ahondarán en estas sesiones abiertas en la importancia del apoyo social a familiares y cuidadores de afectados por la enfermedad de Párkinson.<br><em>Hora</em>: 10:30h<br><em>Lugar</em>: Hotel de Asociaciones. C/Mayorazgo, 25 (Leganés) </p>



<p><strong>Cineforum en Alcorcón</strong>.  Proyección de la película «Gran bola de fuego» y posterior coloquio.<br><em>Hora:</em> 10h<br><em>Lugar:</em> Edificio terapias. Centro de Asociaciones de la Salud. C/Timanfaya 15-23 (Alcorcón)</p>



<p><strong>13 de abril</strong>. <strong>Cineforum en Leganés</strong>. Proyección de la película «Gran bola de fuego» y posterior coloquio.<br><em>Hora</em>: 10h<br><em>Lugar</em>:  Sala 3. Hotel de Asociaciones. C/Mayorazgo, 25 (Leganés)</p>



<p><strong>Jornada sobre Párkinson «Terapias en Párkinson avanzado»</strong>. La doctora Lydia Vela, jefa de Neurología y experta en trastornos del movimiento en el Hospital de Alcorcón, y Aitor Blázquez, fisioterapeuta de APARKAM hablarán sobre la sintomatología de la enfermedad de Párkinson y sobre los tratamientos que mejor se adecúan a las necesidades de los afectados en estados avanzados de la enfermedad. El acceso a la jornada es libre, gratuito y dirigido a todos los públicos.<br><em>Hora:</em> 17:30h. <br><em>Lugar</em>: Salón de Actos Hospital Universitario Fundación de Alcorcón (Alcorcón)</p>



<p><strong>14 de abril.</strong>  <strong>Reunión grupo apoyo familiar</strong> <strong>en Alcorcón</strong>. La psicóloga Soledad Castellón y la trabajadora social Diana Ayuso ahondarán en estas sesiones abiertas en la importancia del apoyo social a familiares y cuidadores de afectados por la enfermedad de Párkinson.<br><em>Hora:</em> 10:30h<br><em>Lugar:</em> Centro de Asociaciones de la Salud. C/Timanfaya 15-23 (Alcorcón)</p>



<p><strong>Actividad lúdica con nuestros socios de Alcorcón y Leganés (espectáculo de magia + tentempié)</strong>. Como colofón a la semana del Día Mundial del Párkinson, los socios y socias de ambas sedes se reunirán para presenciar un espectáculo de magia y posteriormente compartir un almuerzo juntos.<br><em>Hora</em>: 12h<br><em>Lugar</em>: Centro de Asociaciones de la Salud (Alcorcón) y Hotel de Asociaciones (Leganés).</p>
