{"id":370,"date":"2023-04-07T13:05:02","date_gmt":"2023-04-07T11:05:02","guid":{"rendered":"https:\/\/damemitiempo.org\/?post_type=asociaciones&#038;p=370"},"modified":"2023-04-07T13:05:04","modified_gmt":"2023-04-07T11:05:04","slug":"asociacion-parkinson-burgos","status":"publish","type":"asociaciones","link":"https:\/\/damemitiempo.org\/en\/asociaciones\/asociacion-parkinson-burgos\/","title":{"rendered":"Asociaci\u00f3n Parkinson Burgos"},"content":{"rendered":"\n<p><strong>Dia: 11<\/strong><br>Hora: 12:00h.<br>Lugar: Columnas del Ayto Plaza Mayor, con el Espol\u00f3n.<\/p>\n\n\n\n<ul class=\"wp-block-list\">\n<li>Exposici\u00f3n de cuadros por pintores burgaleses.<\/li>\n<\/ul>\n\n\n\n<p>\u201cLos Pilares del P\u00e1rkinson\u201d Colabora Asoc. ENTREDESSIGUALES<\/p>\n\n\n\n<ul class=\"wp-block-list\">\n<li>Lectura del Manifiesto Nacional<\/li>\n<\/ul>\n\n\n\n<p>Hora: 21:00h.<\/p>\n\n\n\n<ul class=\"wp-block-list\">\n<li>Iluminaci\u00f3n fachada del Ayuntamiento por el DM 11 de abril<\/li>\n<\/ul>\n\n\n\n<p><strong>D\u00eda: 12<\/strong><br>Hora: 18:00h.<br>Lugar: Centro Multiservicios P\u00e1rkinson Burgos<\/p>\n\n\n\n<ul class=\"wp-block-list\">\n<li>Plantaci\u00f3n de tulipanes alrededor del olivo<\/li>\n\n\n\n<li>Chocolatada<\/li>\n<\/ul>\n\n\n\n<p><strong>Dia: 13<\/strong><br>Hora:19:30h.<br>Lugar: Foro Solidario C\/ Anna Huntington,1<\/p>\n\n\n\n<ul class=\"wp-block-list\">\n<li>\u00bfBailas Pap\u00e1? Pel\u00edcula protagonizada por una persona con p\u00e1rkinson, a continuaci\u00f3n, la Asoc. Burgos Swing, bailaran para nosotros y nos invitaran a bailar tambi\u00e9n.<\/li>\n<\/ul>\n\n\n\n<p><strong>Dia: 17<\/strong><br>Hora: 18:30h.<br>Lugar: Centro Multiservicios P\u00e1rkinson Burgos<\/p>\n\n\n\n<ul class=\"wp-block-list\">\n<li>Charla Informativa por la Dra. Isabel P\u00e9rez Perreagut<\/li>\n<\/ul>\n\n\n\n<p>\u201cLa importancia del cuidado de la boca en las personas mayores\u201d<\/p>\n\n\n\n<p><strong>Dia: 22<\/strong><br>Hora: 11:30h.<br>Lugar: Plaza de Santa Teresa<\/p>\n\n\n\n<p><strong>Encuentro Asociaciones del norte de Espa\u00f1a<\/strong><\/p>\n\n\n\n<ul class=\"wp-block-list\">\n<li>11:45h. Nos espera el Tren Tur\u00edstico para hacer una peque\u00f1a visita tur\u00edstica<\/li>\n\n\n\n<li>13:00h. El alcalde de Burgos nos recibe en el Sal\u00f3n Rojo del Teatro Principal.<\/li>\n\n\n\n<li>14:00h. nos recogen los autobuses Plaza del Cid<\/li>\n\n\n\n<li>14:30h. Comida Restaurante \u201cCOCO ATAPUERCA\u201d (Autob\u00fas gratis socios) Precio: 38\u20ac socios, apuntarse en la oficina hasta el 14 de abril<\/li>\n\n\n\n<li>16:00h. Actuaciones \/ entrega del TESTIGO<\/li>\n\n\n\n<li>18:00h. a partir de esa hora vuelta al lugar de origen.<\/li>\n<\/ul>\n","protected":false},"featured_media":371,"template":"","class_list":["post-370","asociaciones","type-asociaciones","status-publish","has-post-thumbnail","hentry"],"_links":{"self":[{"href":"https:\/\/damemitiempo.org\/en\/wp-json\/wp\/v2\/asociaciones\/370","targetHints":{"allow":["GET"]}}],"collection":[{"href":"https:\/\/damemitiempo.org\/en\/wp-json\/wp\/v2\/asociaciones"}],"about":[{"href":"https:\/\/damemitiempo.org\/en\/wp-json\/wp\/v2\/types\/asociaciones"}],"wp:featuredmedia":[{"embeddable":true,"href":"https:\/\/damemitiempo.org\/en\/wp-json\/wp\/v2\/media\/371"}],"wp:attachment":[{"href":"https:\/\/damemitiempo.org\/en\/wp-json\/wp\/v2\/media?parent=370"}],"curies":[{"name":"wp","href":"https:\/\/api.w.org\/{rel}","templated":true}]}}

Asociación Parkinson Burgos

<p><strong>Dia: 11</strong><br>Hora: 12:00h.<br>Lugar: Columnas del Ayto Plaza Mayor, con el Espolón.</p>



<ul class="wp-block-list">
<li>Exposición de cuadros por pintores burgaleses.</li>
</ul>



<p>“Los Pilares del Párkinson” Colabora Asoc. ENTREDESSIGUALES</p>



<ul class="wp-block-list">
<li>Lectura del Manifiesto Nacional</li>
</ul>



<p>Hora: 21:00h.</p>



<ul class="wp-block-list">
<li>Iluminación fachada del Ayuntamiento por el DM 11 de abril</li>
</ul>



<p><strong>Día: 12</strong><br>Hora: 18:00h.<br>Lugar: Centro Multiservicios Párkinson Burgos</p>



<ul class="wp-block-list">
<li>Plantación de tulipanes alrededor del olivo</li>



<li>Chocolatada</li>
</ul>



<p><strong>Dia: 13</strong><br>Hora:19:30h.<br>Lugar: Foro Solidario C/ Anna Huntington,1</p>



<ul class="wp-block-list">
<li>¿Bailas Papá? Película protagonizada por una persona con párkinson, a continuación, la Asoc. Burgos Swing, bailaran para nosotros y nos invitaran a bailar también.</li>
</ul>



<p><strong>Dia: 17</strong><br>Hora: 18:30h.<br>Lugar: Centro Multiservicios Párkinson Burgos</p>



<ul class="wp-block-list">
<li>Charla Informativa por la Dra. Isabel Pérez Perreagut</li>
</ul>



<p>“La importancia del cuidado de la boca en las personas mayores”</p>



<p><strong>Dia: 22</strong><br>Hora: 11:30h.<br>Lugar: Plaza de Santa Teresa</p>



<p><strong>Encuentro Asociaciones del norte de España</strong></p>



<ul class="wp-block-list">
<li>11:45h. Nos espera el Tren Turístico para hacer una pequeña visita turística</li>



<li>13:00h. El alcalde de Burgos nos recibe en el Salón Rojo del Teatro Principal.</li>



<li>14:00h. nos recogen los autobuses Plaza del Cid</li>



<li>14:30h. Comida Restaurante “COCO ATAPUERCA” (Autobús gratis socios) Precio: 38€ socios, apuntarse en la oficina hasta el 14 de abril</li>



<li>16:00h. Actuaciones / entrega del TESTIGO</li>



<li>18:00h. a partir de esa hora vuelta al lugar de origen.</li>
</ul>
