{"id":362,"date":"2023-04-07T12:59:40","date_gmt":"2023-04-07T10:59:40","guid":{"rendered":"https:\/\/damemitiempo.org\/?post_type=asociaciones&#038;p=362"},"modified":"2023-04-07T13:00:06","modified_gmt":"2023-04-07T11:00:06","slug":"asociacion-parkinson-leon","status":"publish","type":"asociaciones","link":"https:\/\/damemitiempo.org\/en\/asociaciones\/asociacion-parkinson-leon\/","title":{"rendered":"Asociaci\u00f3n Parkinson Le\u00f3n"},"content":{"rendered":"\n<p>Est\u00e1 abierto el plazo, hasta el d\u00eda <strong>30 de abril,<\/strong>\u00a0 para la presentaci\u00f3n de trabajos al <strong>VIII Certamen Literario<\/strong>. Relatos cortos (m\u00e1ximo un folio) las bases est\u00e1n en la p\u00e1gina web.\u00a0 Comida\u00a0 de asociados\u00a0 s\u00e1bado<strong> d\u00eda 15<\/strong> <strong>de abril<\/strong><\/p>\n\n\n\n<p>RUN FOR PARKINSON&#8217;S O Un paseo por el r\u00edo, en <strong>Le\u00f3n el 23 de abril<\/strong>.&nbsp; El recorrido ser\u00e1 por la orilla del r\u00edo una distancia de 4,5 kil\u00f3metros, pudiendo acortarse si se necesita, por las pasarelas o puentes que cruzan el r\u00edo.&nbsp;&nbsp; Para corredores unos 8, 5kms. Inscripciones en nuestra sede, en El Viajero (c\/ Burgo Nuevo n\u00ba 7) o a trav\u00e9s de <a href=\"http:\/\/www.deporticket.com\">www.deporticket.com<\/a>, tambi\u00e9n estaremos los d\u00edas 3, 4, 5 y 8 en Decathlon (de 11:30 a 13:30 y de 18:30 a 20:30). Menores <strong>hasta 12 a\u00f1os 6\u20ac<\/strong>&nbsp; y mayores <strong>8\u20ac<\/strong>, con camiseta y dorsal para participar en el sorteo de diferentes regalos cedidos por diversas empresas (hasta el d\u00eda 10 luego 8\u20ac y 10\u20ac). Hay dorsal cero por 1 euro o aportaci\u00f3n voluntaria. Pod\u00e9is animar a vuestros familiares y amigos\/as a participar.<\/p>\n\n\n\n<p>El d\u00eda <strong>10 de abril<\/strong>&nbsp; en el Sal\u00f3n de Actos del CHF a las 10:30 tenemos una charla <em>\u201cFamosos con Parkinson, sus alternativas\u201d<\/em> impartida&nbsp; por Margarita Torres y posteriormente en el jard\u00edn que est\u00e1 debajo de la sede se realizar\u00e1 un acto simb\u00f3lico de <strong>plantaci\u00f3n de tulipanes<\/strong> al que os invitamos a acudir, junto a autoridades y prensa, calculamos sobre las 12,30.<\/p>\n\n\n\n<p>El d\u00eda <strong>12 de abril<\/strong> en el mismo lugar tendremos a las 11hs. otra charla, en esta ocasi\u00f3n ofrecida por la Asociaci\u00f3n DMD sobre \u201c<em>Testamento vital y nueva ley de eutanasia<\/em>\u201d.<\/p>\n\n\n\n<p>La campa\u00f1a de FEPACYL va dirigida a escolares de la comunidad aut\u00f3noma, de 4\u00ba a 6\u00ba E.P. invitando a que&nbsp; realizando tulipanes con material reciclado.<\/p>\n\n\n\n<p>Nos uniremos a la&nbsp;<strong> Federaci\u00f3n Espa\u00f1ola con la campa\u00f1a llevar\u00e1 el t\u00edtulo \u201c<em>Dame mi tiempo<\/em>\u201d<\/strong>. Para terminar el mes, el d\u00eda <strong>29<\/strong> se est\u00e1 preparando una Jornada de Puertas Abiertas del edificio ADA-CHF (para dar a conocer diferentes asociaciones que convivimos en este espacio)&nbsp;<\/p>\n","protected":false},"featured_media":363,"template":"","class_list":["post-362","asociaciones","type-asociaciones","status-publish","has-post-thumbnail","hentry"],"_links":{"self":[{"href":"https:\/\/damemitiempo.org\/en\/wp-json\/wp\/v2\/asociaciones\/362","targetHints":{"allow":["GET"]}}],"collection":[{"href":"https:\/\/damemitiempo.org\/en\/wp-json\/wp\/v2\/asociaciones"}],"about":[{"href":"https:\/\/damemitiempo.org\/en\/wp-json\/wp\/v2\/types\/asociaciones"}],"wp:featuredmedia":[{"embeddable":true,"href":"https:\/\/damemitiempo.org\/en\/wp-json\/wp\/v2\/media\/363"}],"wp:attachment":[{"href":"https:\/\/damemitiempo.org\/en\/wp-json\/wp\/v2\/media?parent=362"}],"curies":[{"name":"wp","href":"https:\/\/api.w.org\/{rel}","templated":true}]}}

Asociación Parkinson León

<p>Está abierto el plazo, hasta el día <strong>30 de abril,</strong>  para la presentación de trabajos al <strong>VIII Certamen Literario</strong>. Relatos cortos (máximo un folio) las bases están en la página web.  Comida  de asociados  sábado<strong> día 15</strong> <strong>de abril</strong></p>



<p>RUN FOR PARKINSON&#8217;S O Un paseo por el río, en <strong>León el 23 de abril</strong>.&nbsp; El recorrido será por la orilla del río una distancia de 4,5 kilómetros, pudiendo acortarse si se necesita, por las pasarelas o puentes que cruzan el río.&nbsp;&nbsp; Para corredores unos 8, 5kms. Inscripciones en nuestra sede, en El Viajero (c/ Burgo Nuevo nº 7) o a través de <a href="http://www.deporticket.com">www.deporticket.com</a>, también estaremos los días 3, 4, 5 y 8 en Decathlon (de 11:30 a 13:30 y de 18:30 a 20:30). Menores <strong>hasta 12 años 6€</strong>&nbsp; y mayores <strong>8€</strong>, con camiseta y dorsal para participar en el sorteo de diferentes regalos cedidos por diversas empresas (hasta el día 10 luego 8€ y 10€). Hay dorsal cero por 1 euro o aportación voluntaria. Podéis animar a vuestros familiares y amigos/as a participar.</p>



<p>El día <strong>10 de abril</strong>&nbsp; en el Salón de Actos del CHF a las 10:30 tenemos una charla <em>“Famosos con Parkinson, sus alternativas”</em> impartida&nbsp; por Margarita Torres y posteriormente en el jardín que está debajo de la sede se realizará un acto simbólico de <strong>plantación de tulipanes</strong> al que os invitamos a acudir, junto a autoridades y prensa, calculamos sobre las 12,30.</p>



<p>El día <strong>12 de abril</strong> en el mismo lugar tendremos a las 11hs. otra charla, en esta ocasión ofrecida por la Asociación DMD sobre “<em>Testamento vital y nueva ley de eutanasia</em>”.</p>



<p>La campaña de FEPACYL va dirigida a escolares de la comunidad autónoma, de 4º a 6º E.P. invitando a que&nbsp; realizando tulipanes con material reciclado.</p>



<p>Nos uniremos a la&nbsp;<strong> Federación Española con la campaña llevará el título “<em>Dame mi tiempo</em>”</strong>. Para terminar el mes, el día <strong>29</strong> se está preparando una Jornada de Puertas Abiertas del edificio ADA-CHF (para dar a conocer diferentes asociaciones que convivimos en este espacio)&nbsp;</p>
