{"id":344,"date":"2023-04-07T12:40:12","date_gmt":"2023-04-07T10:40:12","guid":{"rendered":"https:\/\/damemitiempo.org\/?post_type=asociaciones&#038;p=344"},"modified":"2023-04-07T12:40:21","modified_gmt":"2023-04-07T10:40:21","slug":"asociacion-parkinson-galicia-coruna","status":"publish","type":"asociaciones","link":"https:\/\/damemitiempo.org\/en\/asociaciones\/asociacion-parkinson-galicia-coruna\/","title":{"rendered":"Asociaci\u00f3n P\u00e1rkinson Galicia-Coru\u00f1a"},"content":{"rendered":"","protected":false},"featured_media":345,"template":"","class_list":["post-344","asociaciones","type-asociaciones","status-publish","has-post-thumbnail","hentry"],"_links":{"self":[{"href":"https:\/\/damemitiempo.org\/en\/wp-json\/wp\/v2\/asociaciones\/344","targetHints":{"allow":["GET"]}}],"collection":[{"href":"https:\/\/damemitiempo.org\/en\/wp-json\/wp\/v2\/asociaciones"}],"about":[{"href":"https:\/\/damemitiempo.org\/en\/wp-json\/wp\/v2\/types\/asociaciones"}],"wp:featuredmedia":[{"embeddable":true,"href":"https:\/\/damemitiempo.org\/en\/wp-json\/wp\/v2\/media\/345"}],"wp:attachment":[{"href":"https:\/\/damemitiempo.org\/en\/wp-json\/wp\/v2\/media?parent=344"}],"curies":[{"name":"wp","href":"https:\/\/api.w.org\/{rel}","templated":true}]}}

Asociación Párkinson Galicia-Coruña
