{"id":312,"date":"2023-04-07T11:34:23","date_gmt":"2023-04-07T09:34:23","guid":{"rendered":"https:\/\/damemitiempo.org\/?post_type=asociaciones&#038;p=312"},"modified":"2023-04-07T11:34:23","modified_gmt":"2023-04-07T09:34:23","slug":"asociacion-parkinson-bahia-de-cadiz","status":"publish","type":"asociaciones","link":"https:\/\/damemitiempo.org\/en\/asociaciones\/asociacion-parkinson-bahia-de-cadiz\/","title":{"rendered":"Asociaci\u00f3n Parkinson Bah\u00eda de C\u00e1diz"},"content":{"rendered":"","protected":false},"featured_media":313,"template":"","class_list":["post-312","asociaciones","type-asociaciones","status-publish","has-post-thumbnail","hentry"],"_links":{"self":[{"href":"https:\/\/damemitiempo.org\/en\/wp-json\/wp\/v2\/asociaciones\/312","targetHints":{"allow":["GET"]}}],"collection":[{"href":"https:\/\/damemitiempo.org\/en\/wp-json\/wp\/v2\/asociaciones"}],"about":[{"href":"https:\/\/damemitiempo.org\/en\/wp-json\/wp\/v2\/types\/asociaciones"}],"wp:featuredmedia":[{"embeddable":true,"href":"https:\/\/damemitiempo.org\/en\/wp-json\/wp\/v2\/media\/313"}],"wp:attachment":[{"href":"https:\/\/damemitiempo.org\/en\/wp-json\/wp\/v2\/media?parent=312"}],"curies":[{"name":"wp","href":"https:\/\/api.w.org\/{rel}","templated":true}]}}

Asociación Parkinson Bahía de Cádiz
