{"id":279,"date":"2023-04-06T18:20:16","date_gmt":"2023-04-06T16:20:16","guid":{"rendered":"https:\/\/damemitiempo.org\/?post_type=asociaciones&#038;p=279"},"modified":"2023-04-07T11:17:19","modified_gmt":"2023-04-07T09:17:19","slug":"asociacion-ourensana-de-esclerosis-multiple-parkinson-y-enfermedades-raras-aodemper","status":"publish","type":"asociaciones","link":"https:\/\/damemitiempo.org\/en\/asociaciones\/asociacion-ourensana-de-esclerosis-multiple-parkinson-y-enfermedades-raras-aodemper\/","title":{"rendered":"Asociaci\u00f3n Ourensana de Esclerosis M\u00faltiple, P\u00e1rkinson y Enfermedades Raras (AODEMPER)"},"content":{"rendered":"","protected":false},"featured_media":280,"template":"","class_list":["post-279","asociaciones","type-asociaciones","status-publish","has-post-thumbnail","hentry"],"_links":{"self":[{"href":"https:\/\/damemitiempo.org\/en\/wp-json\/wp\/v2\/asociaciones\/279","targetHints":{"allow":["GET"]}}],"collection":[{"href":"https:\/\/damemitiempo.org\/en\/wp-json\/wp\/v2\/asociaciones"}],"about":[{"href":"https:\/\/damemitiempo.org\/en\/wp-json\/wp\/v2\/types\/asociaciones"}],"wp:featuredmedia":[{"embeddable":true,"href":"https:\/\/damemitiempo.org\/en\/wp-json\/wp\/v2\/media\/280"}],"wp:attachment":[{"href":"https:\/\/damemitiempo.org\/en\/wp-json\/wp\/v2\/media?parent=279"}],"curies":[{"name":"wp","href":"https:\/\/api.w.org\/{rel}","templated":true}]}}

Asociación Ourensana de Esclerosis Múltiple, Párkinson y Enfermedades Raras (AODEMPER)
